uppose 4*h - m*h + 990 = 0. Calculate the highest common factor of h and 30.
30
Let q be (-220)/6*-87 + 2 + 1. Calculate the greatest common divisor of 31 and q.
31
Let a = -16 - -19. Suppose -a*y = 2*y + 260. Let d = 88 + y. What is the greatest common divisor of 54 and d?
18
Suppose -1656 = -2*k - 6*k. Let i = 14 - -9. Calculate the highest common factor of i and k.
23
Let m = 1593 - -432. Calculate the highest common divisor of 75 and m.
75
Let h = 1087 - 1077. Calculate the greatest common factor of h and 2060.
10
Let n = 9 + -9. Suppose -55 = -5*s + u - n*u, -5*u - 5 = 2*s. Calculate the highest common factor of 20 and s.
10
Suppose 0 = -198*j + 200*j - 364. Calculate the greatest common factor of 637 and j.
91
Let m be (-50)/(-15)*36/(-10). Let k be (3 - (-52)/m)/((-8)/12). Calculate the highest common divisor of k and 5.
1
Let q be (-2)/(-10) + 9/5. Suppose -78 = -q*d + j, 2*d - 82 = -4*j + 3*j. What is the greatest common factor of d and 10?
10
Let b = 3 - -6. Let y be 185/(-3) + b/(-27). Let n = y - -120. Calculate the highest common divisor of n and 87.
29
Let x = -52 + 55. Suppose -48 = t - x*t. Calculate the greatest common divisor of 8 and t.
8
Let d(h) = 34*h**3 + h**2 - h. Let f be d(1). Suppose -9*v + 146 + f = 0. What is the highest common factor of v and 80?
20
Suppose -79 = -4*d + 2*v + 11, d + 3*v = 12. Let i = 51 - d. Let c be 18/5*40/12. Calculate the highest common divisor of c and i.
6
Suppose -2*b - 216 = -4*r + 2*b, -4*r = -2*b - 214. Let l = r - 44. What is the greatest common divisor of l and 6?
3
Let r(w) = 15*w - 7. Let t be r(5). Let y be (t - (-3 - -1)) + 0. Let p = -59 + 87. What is the greatest common divisor of y and p?
14
Suppose 3*a + 3*n - 24 = 12, 5*n - 49 = -4*a. Calculate the greatest common factor of 517 and a.
11
Let r(h) = -h**2 - 7*h + 4. Let s be r(-8). Let g be 15 + -1 - s/(-2). Let q(y) = 9*y**2. Let v be q(-2). Calculate the greatest common factor of v and g.
12
Suppose 0*g = -2*g + 96. Suppose 0*r + 3*m + 33 = 4*r, -5*m = -5. Let w be -1 + -2 + 81/r. What is the greatest common factor of w and g?
6
Suppose 12*p + 3*b - 267 = 9*p, 0 = p - 4*b - 114. What is the highest common factor of p and 329?
47
Let y be (((-27)/12)/(-1))/(2/208). What is the greatest common divisor of 52 and y?
26
Let r be 1*(-250)/(20/(-4)). What is the highest common factor of r and 125?
25
Let o be (220/8 - 3)*2*1. Let q be (o - 4 - 1) + -4. Calculate the highest common factor of 320 and q.
40
Let y be (-120)/(-72)*(17 + (-2)/1). Calculate the highest common divisor of y and 115.
5
Suppose 0 = -57*w + 54*w + 21. Calculate the greatest common factor of 4 and w.
1
Let c(o) = o + 3. Let t be c(1). Suppose 3*l = t*y - 76, -l - 12 = 4*y - 72. Calculate the greatest common divisor of 2 and y.
2
Let q(p) = -5*p + 2. Let v(g) = g + 1. Let k(j) = q(j) + 4*v(j). Let d = -225 - -222. Let o be k(d). What is the greatest common divisor of o and 9?
9
Let i = -156 - -176. Calculate the greatest common factor of 380 and i.
20
Let j(b) = 15*b - 25. Let v = 23 + -7. Let y be j(v). What is the greatest common factor of 43 and y?
43
Let a = -167 - -169. Calculate the highest common factor of 16 and a.
2
Let v = 91 - 64. Suppose -2*g + 11*g - v = 0. What is the highest common factor of g and 12?
3
Suppose t - 2 = 3*s, 2*s = 3*t - 5*t + 12. Let p be ((-4)/(-3))/(4/(-6) + 1). What is the greatest common divisor of s and p?
1
Let d = 50 - 48. Suppose 3*f = -5*h - 0*f + 126, d*h = 5*f + 69. What is the greatest common divisor of h and 81?
27
Let j(f) = -f**3 + 8*f**2 + 7*f + 12. Suppose 2*s = 4*s - 18. Let r be j(s). Let u = 13 + r. Calculate the highest common factor of 1 and u.
1
Let x be -2 - -5 - (0 - 140). Let g = -24 - -37. What is the greatest common divisor of x and g?
13
Let g = -480 + 846. What is the greatest common factor of 6 and g?
6
Suppose 108 = 5*h + o, h + 9 = 2*h - 4*o. Suppose 0*x - x = 4, h = 5*n + x. What is the greatest common factor of 40 and n?
5
Let p = 86 + -110. Let v be p/6 - (3 - (-123)/(-1)). What is the greatest common factor of v and 29?
29
Let s = -10 + 18. Suppose 13*c - 16 = 10. Calculate the highest common factor of s and c.
2
Let h be ((-108)/10)/((84/30)/(-7)). Let k be (0 - -6)/(4/6). Calculate the highest common divisor of k and h.
9
Suppose x + 3*k = 8 - 0, -2*k = 4*x - 42. What is the greatest common divisor of 143 and x?
11
Let a be (-24)/42 + (-12)/(-21). Suppose -2*t + 28 - 8 = a. Suppose -2*n - 32 = -r - t, 0 = -r + n + 21. What is the highest common factor of 200 and r?
20
Suppose -68*w + 6072 = -2*w. What is the highest common divisor of w and 391?
23
Let q be -28*(-36)/24 + -3 + -1. What is the highest common divisor of q and 874?
38
Suppose 24*m - 25*m + 5 = 0. Suppose -14 = j - 4*a, 4*a + m = 4*j + 1. Calculate the highest common divisor of 8 and j.
2
Suppose 0 = -12*i + 19*i - 798. What is the highest common divisor of i and 18?
6
Let c = 274 + -142. Let v(z) = -z**3 - 15*z**2 - 15*z - 2. Let w be v(-14). Calculate the highest common divisor of c and w.
12
Let u = -7 + 18. Suppose -u*j + 12*j = 36. What is the greatest common divisor of 9 and j?
9
Suppose -3*d + 1079 - 353 = 0. Suppose -v + 8 = 2*i, 3*i + 6*v = 2*v + 12. Let t be i/(-10) + (-112)/(-5). What is the highest common divisor of t and d?
22
Let r(i) = i + 3. Let q be r(-3). Suppose c - 2*c + 27 = q. Calculate the greatest common factor of 9 and c.
9
Let c(o) = o**3 - 17*o**2 - 11*o - 44. Let n be c(18). Let d = n - 19. Calculate the highest common factor of d and 9.
9
Suppose 14115*o - 14121*o = -648. Suppose 0 = -3*f + 46 - 19. What is the highest common divisor of f and o?
9
Let k be (-724)/(-18)*1 - 42/189. What is the greatest common divisor of 145 and k?
5
Let c be 119/35 + 6/10. Suppose 0 = -5*f - 15, -3*l + 12 = -0*l + c*f. What is the highest common divisor of l and 4?
4
Suppose 0 = 3*p + p - 56. Let l = 350 - 315. Calculate the highest common divisor of p and l.
7
Suppose 6 = t + 1, 4*b + 5*t = 1005. Let o be 346/10 + 2/5. Calculate the greatest common divisor of o and b.
35
Let l = 216 + -152. Let f(g) = g**3 - 7*g**2 + g + 9. Let a(j) = 8*j**2 - 1. Let s be a(1). Let b be f(s). Calculate the greatest common divisor of b and l.
16
Let s = 526 - 276. What is the greatest common factor of 10 and s?
10
Let k = 142 - 132. What is the greatest common divisor of 320 and k?
10
Let s(r) = -r**3 - 15*r**2 - 13*r + 16. Let q be s(-14). Suppose q*n = n + 17. What is the greatest common divisor of n and 136?
17
Let r(s) be the second derivative of -5*s**2 + 1/3*s**3 + 2*s + 0. Let q be r(9). What is the highest common factor of 64 and q?
8
Let j(b) = b**2 + 2*b + 2. Let y be j(6). Let x be (1/(-3))/((-53)/1590). Calculate the greatest common factor of x and y.
10
Let g = 530 - 924. Let l be 5/30 + 2/(-24)*g. Let k be 1388/6 + (-1)/3. Calculate the highest common divisor of l and k.
33
Suppose 4*s + 5*n = 6 - 31, -4*n = -s + 20. Suppose a + 5 = -s, 21 = 4*t - a. Calculate the highest common factor of t and 1.
1
Let v = -188 + 298. Calculate the highest common divisor of 66 and v.
22
Suppose -5*p - 214 = -2*g, 2*g + 14*p = 13*p + 238. What is the highest common factor of 81 and g?
9
Let g = -26 - -36. Suppose f + s = 6*f + 18, -5*f + 5*s - g = 0. Let w = 5 - f. Calculate the highest common factor of w and 18.
9
Let u = -14 + 62. Let b(w) = -34*w - 18. Let v be b(-1). Calculate the highest common divisor of v and u.
16
Let s be 148/3*(-21)/14. Let i = s + 128. Suppose 0 = 4*q + 4*h - 44, -5*q - 4*h = -0*h - i. Calculate the highest common divisor of 10 and q.
10
Let t = -7 - -8. Let r(f) = 3*f. Let m be r(t). Suppose -2*n + 17 + m = 0. What is the highest common factor of n and 70?
10
Suppose -2*p = 3*p + 10, -w = -4*p - 14. Let d(q) = -q**3 + 6*q**2 + 7. Let m be d(w). What is the greatest common factor of m and 1?
1
Suppose 5*c = 0, -3*c + 24 = 2*w + w. Suppose -2*g + g = -w. Suppose -6 = -x + 2. Calculate the greatest common factor of x and g.
8
Suppose 4*y - 5 - 54 = -5*w, -3*w + 2*y + 53 = 0. Suppose 21*x - 432 = w*x. Calculate the highest common factor of 8 and x.
8
Let z be ((72/(-40))/(6/(-80)))/1. Calculate the highest common divisor of z and 384.
24
Suppose -w - 2*q + 406 = 0, 249 + 142 = w + 5*q. Calculate the greatest co